i) = -i**2 - 5*i + 2. Calculate f(b).
2
Suppose -18 = -2*x + 4. Let r(k) = k + 13. Let a(u) = 6*u + 64. Let v(o) = -2*a(o) + 11*r(o). What is v(x)?
4
Let x(d) = -10*d**2 - d - 1. Let k be (3/(-6))/((-7)/28). Suppose k*p + 3*z = -5, 0*p - 4*z = -4*p. Give x(p).
-10
Let t(c) = -c**2 - 18*c - 68. Let k be t(-13). Let m(f) = 3*f + 10. Give m(k).
1
Let o(m) = -m**2 - 10*m - 15. Let z be o(-8). Let p(s) be the second derivative of -11*s**5/20 + s**4/6 - s**2/2 - 37*s. What is p(z)?
-10
Let n(f) = -2*f**3 + 4*f**2 - 6*f - 3. Let d(h) = -3*h**3 + 4*h**2 - 6*h - 2. Let q(u) = -3*d(u) + 4*n(u). Let j = -1370 - -1365. Determine q(j).
-1
Let m(b) = 24*b. Let j(l) = -11*l. Let i(q) = -13*j(q) - 6*m(q). Let g(w) be the second derivative of w**4/6 + w**3/3 + w**2/2 - 2*w. Let d be g(-1). Give i(d).
-1
Suppose 0 = 3*w + 2*w + 20. Let l(m) be the first derivative of m**4/4 + 2*m**3 + 3*m**2 + 833. What is l(w)?
8
Suppose 2*h + 53 - 3 = 0. Let a be (-6 + 4)/((-2)/h). Let o = a + 23. Let n(k) = k - 1. What is n(o)?
-3
Suppose -4*u - 2*q = -q + 5, -2*u = q + 5. Let c(y) = y + u*y + 4*y. Determine c(1).
5
Let u(g) = -4*g**3 + 21*g**2 - 16*g - 12. Let h(t) = t**3 - 3*t**2 + t. Let z(w) = -3*h(w) - u(w). Give z(10).
-58
Let z(x) = x**2 + x + 2. Let r(u) = u. Let i = -17 + 13. Let j be (2/i + 1)*0. Let p be r(j). Determine z(p).
2
Let w(k) = -k**2 - 3*k - 2. Let g be ((-4)/4 - 3)*-2. Suppose 4*c - 2*l = g, 2*c - 5*c - 12 = 3*l. Suppose 3*a + c*i = 4*i + 7, 2*i + 8 = 0. Give w(a).
-2
Let f(w) = -2*w**3 - 14*w**2 - 10*w - 6. Let g(o) = 2*o**3 + 16*o**2 + 8*o + 4. Let d(v) = -4*f(v) - 5*g(v). Give d(-12).
4
Suppose 8*m - 847 = -887. Let j(y) = -4*y - 15. What is j(m)?
5
Let g(p) = -p + 28*p**3 - 63*p**3 - p**2 + p + 26*p**3. Calculate g(-1).
8
Let n be (-1)/6 - (-74)/12. Let w(s) = -6*s**3 + 6*s - 9. Let h(o) = -7*o**3 - o**2 + 6*o - 9. Let m(j) = n*w(j) - 5*h(j). Let z = 49 + -43. Give m(z).
-9
Let b(q) = -6 + 4 + 3 + q. Suppose -7*l = -0*l + 63. Let p(z) = -z**3 - 7*z**2 + 20*z + 12. Let i be p(l). Calculate b(i).
-5
Let q(p) = -2 - 3*p**3 + 3 - 15*p + 16*p + 2*p**3. Let d(t) = -3*t**3 - 2*t**2 + t + 2. Let o(b) = d(b) - 2*q(b). What is o(-2)?
2
Let n(y) = 2*y + 2 + 11 - 10 + 12. Let s be n(-5). Let r(c) = c**2 - 7*c + 6. Give r(s).
-4
Suppose 141 = 10*a + 1. Let b be (38/4 - 1) + 7/a. Let l(g) = -g**2 + 7*g + 7. Give l(b).
-11
Let g(b) = -1 + 0 - b + 3. Let u(o) = o**2 + 13*o - 19. Let w be u(-14). Let c be (-2)/(-9) + (-55)/45 + w. Calculate g(c).
8
Let w(x) = x - 6. Let k = -24 + 34. Suppose -v - s - 11 = -3*v, -k = -v - s. Calculate w(v).
1
Let k(f) be the third derivative of -1/4*f**4 + 11*f**2 + 0 + 0*f + 1/6*f**3. Let y = -2 - -3. What is k(y)?
-5
Let x(q) be the first derivative of 2*q**3/3 - 6*q**2 - 9*q - 135. Calculate x(7).
5
Suppose -3*r = -3*n - n, 0 = r - 5*n. Suppose r = 5*j, j - 1 = -y + 4. Suppose 0 = -4*t + y - 13. Let h(l) = -l**3 + 2*l. What is h(t)?
4
Let y(m) = m - 5. Let q be y(5). Let n be (q/(2 - 4))/1. Let b(x) = x**3 - x + 17. Give b(n).
17
Let f(g) = g**3 - 2*g - 15. Let w(h) = -h**3 + h - 1. Let o(l) = -f(l) - 2*w(l). Determine o(0).
17
Let w be 7/49 - 2/14. Suppose w = -4*g + 8. Let p(u) = -g - 7 - u**2 + 2 + 6*u. Calculate p(6).
-7
Let o(w) = w + 10. Let b be 6 + (3 - 8/(-4) - 16). Give o(b).
5
Suppose -84 = -12*o - 16*o. Let g(t) be the second derivative of -1/2*t**4 + 1/20*t**5 + 0 + 0*t**2 + 1/3*t**o - 9*t. Give g(5).
-15
Let q(b) = -b**3 + 6*b**2 - 3*b - 1. Suppose 4*n = 4*f + 36, 40*n - 39*n = -4*f - 16. What is q(n)?
19
Let r(q) be the second derivative of -q**4/12 + 5*q**3/2 + 14*q**2 + 193*q - 2. Determine r(17).
-6
Let t(s) = -2*s**2 - 7*s + 2. Suppose 4*l + h + 43 = 0, -l + 4*l - 2*h = -35. Let w(y) = -y - 9. Let b be w(l). Suppose 0*i = -b*i - 10. What is t(i)?
-13
Let y(a) = -a**2 - 5*a - 1. Let g be y(-4). Let m(z) = -8 + g*z + 9 + 3. Let l = -14 - -10. Give m(l).
-8
Let a(o) = -o + 3. Let x(u) = u**2 + 7*u + 17. Let p be x(-5). Suppose -h - p = 1. Give a(h).
11
Let t(m) = m**3 + 2*m**2 - 1. Suppose -5*s + 2 = 7. Determine t(s).
0
Let d(i) be the second derivative of i**3 + 25*i**2/2 - 205*i. Calculate d(-5).
-5
Let z(d) = 22*d**3 + d**2 + d - 2. Let n be z(1). Suppose 2*w - x + 10 = -3*w, -4*w - 2*x = n. Let a(u) = u**2 + 4*u - 1. What is a(w)?
-4
Suppose 21*n - 15 = 18*n. Let h(k) = -6*k**3 - 5*k**2. Let f(z) = -z**3 - z - 1. Let l(i) = n*f(i) - h(i). Give l(-5).
20
Suppose o - 2*f - 83 = 0, 5*o = 5*f - 106 + 526. Let q = -258 + 260. Let a(j) = -o + j**q + 5*j + 0*j + 89. Give a(-4).
0
Let j(w) = -16*w + 1. Suppose -5*b - 55 = 5*r, -2*b - 11 = -3*r + 1. Let v = 8 + b. What is j(v)?
17
Let n be -12*((-7)/(-4) - 2)*2. Let q(z) = 8*z - z - n*z - 6. Determine q(-5).
-11
Suppose 2*h + 4 = 2*d, 4*d - 9*d + 22 = -h. Let y(o) = o**3 - 6*o**2 + o + 2. Determine y(d).
-18
Let a(d) = 13*d**3 - 2*d**2 + d - 8. Let p(z) = -11*z**3 + 2*z**2 + 5. Let x(o) = -2*a(o) - 3*p(o). Calculate x(-2).
-59
Let t(r) = -2*r + 3. Suppose -3*o + 7*h = 3*h - 17, -h = -1. Let z = 2 - o. What is t(z)?
13
Let i(o) = 2 + 7*o - 3 - 2. Suppose -460*v = -491*v - 93. Calculate i(v).
-24
Let i(h) = -h**2 - 12*h. Let y(q) = 2*q**2 - 17*q + 10. Let k be y(7). Calculate i(k).
11
Suppose 0 = -3*s + 4*s + 4. Let p = 7 + s. Let y(b) = 4*b - 3. Determine y(p).
9
Let f(k) = k**3 + 6*k**2 - 3*k. Let b = 998 - 1004. Calculate f(b).
18
Let p(g) = -47 + 28*g - g**2 - 11 - 7*g. Let r be p(18). Let o(c) = -c + 1. Give o(r).
5
Let l be 0*(3 - 0 - 4). Suppose l = -2*x + 2 - 0. Let s(k) = -6*k - 5 + 2 + 5*k + 4. Calculate s(x).
0
Let f(n) = 3*n - 20. Suppose -2*m = -9 - 7. Let d be f(m). Let a(r) = r**3 - 4*r**2 - r - 3. Determine a(d).
-7
Suppose -h = 2, -t + h + 2*h + 5 = 0. Let a be 12/3 + (-29)/t. Let m be (a/(-22))/((-6)/8). Let z(o) = o**2 + o. Determine z(m).
6
Let j = 5 - 3. Let w(m) = 18*m**2 - 3 + j*m**3 - 4*m - 6*m**3 + 3*m**3 - 22*m**2. Let f = 39 - 42. Give w(f).
0
Let i(b) = 4*b - 6. Let h(o) = -o. Let w(y) = 6*h(y) + 2*i(y). Give w(6).
0
Let g(x) be the third derivative of x**5/60 + x**4/24 - 2*x**3/3 + x**2. Let p be 95/57 + 2/(-3). Suppose -2*i - 5*l + 4 = 0, 5*i + l = -14 + p. What is g(i)?
2
Let p(v) be the first derivative of v + 12 - 5/3*v**3 + v**2. Let j(w) = -w + 5. Let z be j(6). Give p(z).
-6
Suppose 11 + 7 = -3*z. Let n = z - -10. Suppose -9 = -n*v + 15. Let a(i) = -i**2 + 6*i - 7. Give a(v).
-7
Let x(b) = b**2 + 0*b + 5*b**2 + 4*b - 4 - 7*b**2. Let y(r) = 1. Let z(u) = -x(u) - 5*y(u). Determine z(4).
-1
Let u = 0 - 6. Let h(q) be the second derivative of q**4/12 + q**3 + 2*q**2 + 3*q. Calculate h(u).
4
Suppose 0 = -2*k - 0*k + 4. Suppose -5 = k*y - 7*y. Let f(n) be the first derivative of -2*n**2 + n - 5. What is f(y)?
-3
Let c(i) = i**3 - 7*i**2 - i + 7. Let g(m) = -2*m**2 - 12*m + 7. Let b be g(-6). Give c(b).
0
Let c(z) = -16*z - 2*z**2 + z**2 + 5 + 0*z**2. Let l be c(-16). Let v(s) = -4*s - 3*s**3 + 4*s**2 - s**2 + l*s**3 + 5*s + 1. Give v(-2).
-5
Let o(f) = -7*f + 1 + 2*f + 0*f - f**2 - 4*f. Let c be (32*(-1)/(-2) + -7)*-1. What is o(c)?
1
Let y(b) = b**2 - 12*b - 14. Let i(f) be the first derivative of f**3/3 - 7*f**2 - 15*f - 43. Let x(q) = 2*i(q) - 3*y(q). Give x(9).
3
Suppose f + 23 - 27 = 0. Let t(z) = -z**3 + z + 1. Let h(d) = -3*d**3 - 3*d**2 - d + 8. Let r(s) = -h(s) + 4*t(s). Give r(f).
0
Let d(v) = 2*v**2 + 18*v - 106. Let c be d(-13). Suppose -24 = -4*k - 4*p, -3*p + p - 2 = -5*k. Let z(u) = k*u - 2*u**2 + u + 3*u**2. Calculate z(c).
-2
Let b be ((-10)/(-4))/((-2)/4). Let n(j) = -4*j - 7. Let r(d) = 9*d + 15. Let i(m) = 7*n(m) + 3*r(m). Determine i(b).
1
Let r = -44 - -48. Let d(z) be the first derivative of -r*z + 1/3*z**3 - 3/2*z**2 + 3. Determine d(5).
6
Let z = 40 - 36. Suppose -5*c + 19 = -3*x, 0 = -z*x + c + 2*c - 7. Let p(k) = 12*k. Give p(x).
24
Let r(t) = 0*t**2 - t**2 - 2*t + 51 - 51. Give r(-2).
0
Let o(d) = -2*d + 2. Let a be o(-2). Let g(b) = -3*b**3 + 18*b**2 - 23*b - 415. Let h(m) = m**3 - 6*m**2 + 8*m + 147. Let r(w) = -6*g(w) - 17*h(w). Give r(a).
3
Let l(w) be the third derivative of 4/3*w**3 + 0*w + 0 - 16*w**2 - 1/8*w**4. What is l(6)?
-10
Let i = -13 + 22. Suppose -8 = i*q - 11*q. Suppose 0*g = -q*g. Let z(s) = -s**3 + s**2 + s + 2. Determine z(g).
2
Let y(n) be the third derivative of n**5/60 - n**3/3 + 11*n